3438?
2, 263, 3734113
What are the prime factors of 209932504?
2, 761, 34483
List the prime factors of 174940655.
5, 34988131
List the prime factors of 741438061.
7, 13, 257, 647
List the prime factors of 24010871.
41, 271, 2161
List the prime factors of 977490829.
7, 227, 615161
List the prime factors of 7323825407.
1097, 6676231
List the prime factors of 464219375.
5, 59, 12589
What are the prime factors of 3107758477?
491, 6329447
List the prime factors of 314696349.
3, 11, 47, 1439
What are the prime factors of 196398427?
196398427
What are the prime factors of 1915212263?
1915212263
What are the prime factors of 426978799?
13, 32844523
List the prime factors of 70316131.
17, 19, 217697
What are the prime factors of 4412792?
2, 17, 71, 457
What are the prime factors of 547392103?
409, 1338367
List the prime factors of 543571039.
11, 17, 919, 3163
What are the prime factors of 2352912324?
2, 3, 7, 4789, 5849
What are the prime factors of 43080389?
11, 307, 12757
What are the prime factors of 5534761730?
2, 5, 553476173
What are the prime factors of 903348625?
5, 103, 70163
List the prime factors of 555967798.
2, 109, 263, 9697
List the prime factors of 40051713.
3, 13, 877, 1171
List the prime factors of 75044980.
2, 5, 3752249
What are the prime factors of 9957649?
13, 58921
What are the prime factors of 111823908?
2, 3, 7, 43, 83, 373
List the prime factors of 477907190.
2, 5, 19, 2515301
List the prime factors of 2610331791.
3, 870110597
List the prime factors of 125680038.
2, 3, 11, 331, 523
List the prime factors of 117746375.
5, 941971
What are the prime factors of 123830470?
2, 5, 12383047
List the prime factors of 126880233.
3, 19, 2225969
What are the prime factors of 100027969?
829, 120661
What are the prime factors of 331421605?
5, 23, 1373, 2099
What are the prime factors of 3535401860?
2, 5, 223, 792691
List the prime factors of 24797435.
5, 13, 47, 8117
What are the prime factors of 1555569145?
5, 13, 89, 268897
List the prime factors of 754062145.
5, 269, 560641
List the prime factors of 19246248.
2, 3, 7, 4243
What are the prime factors of 628930803?
3, 1433, 146297
What are the prime factors of 702985003?
7, 17, 5907437
List the prime factors of 620237423.
13, 4909, 9719
What are the prime factors of 2335009709?
139, 16798631
List the prime factors of 22157991.
3, 563, 4373
List the prime factors of 86490693.
3, 3203359
What are the prime factors of 965855686?
2, 13421, 35983
List the prime factors of 56440058.
2, 28220029
What are the prime factors of 78283109?
71, 617, 1787
What are the prime factors of 6767466?
2, 3, 1127911
What are the prime factors of 554554548?
2, 3, 15404293
List the prime factors of 111996610.
2, 5, 11, 61, 16691
What are the prime factors of 79509966?
2, 3, 37, 358153
List the prime factors of 329984312.
2, 7, 23, 256199
What are the prime factors of 627135474?
2, 3, 7, 17, 71, 89, 139
List the prime factors of 168780321.
3, 6251123
What are the prime factors of 275209201?
251, 1096451
What are the prime factors of 202350172?
2, 50587543
List the prime factors of 1382118140.
2, 5, 13, 19, 127, 2203
List the prime factors of 795301074.
2, 3, 313, 141161
What are the prime factors of 1643626?
2, 23, 35731
List the prime factors of 122340153.
3, 13, 751, 4177
List the prime factors of 2336168036.
2, 257, 2272537
List the prime factors of 966632214.
2, 3, 161105369
List the prime factors of 473196635.
5, 94639327
List the prime factors of 1454393020.
2, 5, 72719651
List the prime factors of 2707842089.
41, 5839, 11311
List the prime factors of 173055665.
5, 17, 2035949
What are the prime factors of 144145420?
2, 5, 797, 9043
List the prime factors of 9235293.
3, 3078431
What are the prime factors of 836732422?
2, 743, 563077
List the prime factors of 59977073.
13, 1163, 3967
What are the prime factors of 48058554?
2, 3, 8009759
What are the prime factors of 99299999?
8971, 11069
What are the prime factors of 126301999?
103, 641, 1913
What are the prime factors of 918531772?
2, 23, 43, 232187
List the prime factors of 8233598580.
2, 3, 5, 3119, 43997
List the prime factors of 186262857.
3, 11, 313, 6011
What are the prime factors of 15266050?
2, 5, 503, 607
List the prime factors of 426799265.
5, 85359853
What are the prime factors of 625032301?
625032301
List the prime factors of 1187150140.
2, 5, 11, 5396137
List the prime factors of 795456555.
3, 5, 601, 88237
List the prime factors of 257431022.
2, 101, 1274411
What are the prime factors of 24886506?
2, 3, 23, 180337
List the prime factors of 471705563.
7, 37, 1821257
List the prime factors of 3071638775.
5, 197, 623683
What are the prime factors of 72631320?
2, 3, 5, 605261
What are the prime factors of 117928122?
2, 3, 13, 353, 4283
What are the prime factors of 629173615?
5, 7, 83, 109, 1987
List the prime factors of 5080016243.
30047, 169069
List the prime factors of 512329282.
2, 2087, 122743
List the prime factors of 53381251.
7, 11, 367, 1889
List the prime factors of 437078615.
5, 47, 257, 7237
What are the prime factors of 70159740?
2, 3, 5, 7, 167047
What are the prime factors of 29757614?
2, 14878807
List the prime factors of 1467074490.
2, 3, 5, 7, 101, 263
List the prime factors of 348486063.
3, 116162021
List the prime factors of 64415091.
3, 13, 17, 97157
List the prime factors of 352328991.
3, 7, 16777571
List the prime factors of 332331533.
6827, 48679
List the prime factors of 2048106583.
101, 3359, 6037
List the prime factors of 72001153.
7, 79, 130201
List the prime factors of 1132928968.
2, 4973, 28477
List the prime factors of 74564977.
5167, 14431
What are the prime factors of 9163637?
7, 23, 47, 173
What are the prime factors of 3177221894?
2, 7, 11, 37, 317, 1759
List the prime factors of 2518099717.
7, 359728531
What are the prime factors of 6026792979?
3, 2008930993
List the prime factors of 202007280.
2, 3, 5, 841697
List the prime factors of 36147768.
2, 3, 1506157
List the prime factors of 159338908.
2, 43, 926389
What are the prime factors of 2078565?
3, 5, 138571
List the prime factors of 459321646.
2, 7, 719, 45631
What are the prime factors of 4770170991?
3, 530018999
List the prime factors of 4742301518.
2, 3823, 620233
List the prime factors of 256628131.
47, 5460173
List the prime factors of 27388971.
3, 3043219
List the prime factors of 637706203.
637706203
What are the prime factors of 78522191?
11, 67, 106543
What are the prime factors of 36013484?
2, 13, 692567
What are the prime factors of 568139104?
2, 13, 1365719
What are the prime factors of 275414718?
2, 3, 45902453
What are the prime factors of 345838473?
3, 4127, 9311
List the prime factors of 1686537493.
379, 727, 6121
What are the prime factors of 600541174?
2, 300270587
What are the prime factors of 228773413?
11, 20797583
What are the prime factors of 37904130?
2, 3, 5, 11, 38287
What are the prime factors of 195075039?
3, 617, 105389
List the prime factors of 84292012.
2, 7, 1559, 1931
List the prime factors of 135690346.
2, 11, 103, 233, 257
List the prime factors of 188896920.
2, 3, 5, 71, 22171
List the prime factors of 124325882.
2, 179, 269, 1291
What are the prime factors of 14027949?
3, 13, 47, 2551
What are the prime factors of 506640658?
2, 253320329
What are the prime factors of 5263238?
2, 1471, 1789
List the prime factors of 400918191.
3, 17, 7861141
What are the prime factors of 187898849?
61, 293, 10513
List the prime factors of 479693423.
11, 43, 59, 17189
What are the prime factors of 234215581?
71, 3298811
List the prime factors of 544648565.
5, 29, 61, 139, 443
List the prime factors of 408762210.
2, 3, 5, 23, 41, 14449
List the prime factors of 123671974.
2, 17, 3637411
List the prime factors of 5237933784.
2, 3, 17, 1723, 7451
What are the prime factors of 21635762?
2, 10817881
What are the prime factors of 5151085139?
5151085139
What are the prime factors of 758647658?
2, 1321, 287149
What are the prime factors of 454375197?
3, 16828711
What are the prime factors of 3198951244?
2, 179, 4467809
List the prime factors of 81300196.
2, 20325049
List the prime factors of 71271254.
2, 35635627
What are the prime factors of 518312096?
2, 19, 139, 6133
What are the prime factors of 4315549046?
2, 137, 1319, 11941
What are the pr